e z(-3). Suppose 0 = -5*h - a + 11, 2*a - 1 - t = 0. Let r(s) = s**2 - s. List the prime factors of r(h).
2
Let z be ((0 - 0) + 64)*-4. Let q = -171 - z. What are the prime factors of q?
5, 17
Let l(g) = -g**2 - 14*g + 6. Let h be l(-14). What are the prime factors of (3 + -4)/(h/(-198))?
3, 11
Let z be 14/(-28)*(1 + 147). Let r = 217 + z. List the prime factors of r.
11, 13
Let w = 180 - 293. Let q = w + 168. List the prime factors of q.
5, 11
Suppose t + 10 = 4*h, 0*t = -t + 3*h - 7. Suppose 0 = -2*b + 5*a - a + 16, -3*b = t*a. Suppose 31 = b*v - 3. List the prime factors of v.
17
Suppose -11 = 2*g - 15. Suppose 4*b - 3*t = 247, 5*b + 0*b = g*t + 300. What are the prime factors of b?
2, 29
Let b be (10*((-6)/(-4) - 0))/3. Suppose -2*q - q = -b*m + 248, 0 = 3*m - 4*q - 140. What are the prime factors of m?
2, 13
Suppose -80 = -9*b + 14*b. Let p(h) = h**2 - 5*h - 69. List the prime factors of p(b).
3, 89
Suppose -5*d - 2*f + 476 = 0, 0*f + 467 = 5*d - f. Let y = d - 19. Suppose o - 2*o = -x + 13, -5*x - 5*o + y = 0. What are the prime factors of x?
2, 7
Let r = 235 - 374. Let g = r - -202. List the prime factors of g.
3, 7
Let d = -74 + 1245. List the prime factors of d.
1171
Let a = 196 + -132. List the prime factors of a.
2
Let j(p) = 3*p - 6. Let c be j(9). Let o = -16 + c. What are the prime factors of o?
5
Suppose 5*l - 192 = l. Suppose 2*u = -2*u + l. List the prime factors of u.
2, 3
Suppose 4*q - 5783 = -5*g, -839 = -5*g - q + 4953. List the prime factors of g.
19, 61
Suppose 0 = 5*n - 15, -3*g - 82*n + 77*n = -7488. List the prime factors of g.
47, 53
Suppose 0 = -5*l + v + 30, 4*l + 0*v - 45 = 5*v. Suppose -14 = -g + x - 3*x, 0 = l*g - 3*x - 31. List the prime factors of g.
2
Let l(h) = 2*h + 10. Let j be l(-9). Let k be 48/9 + j/(-12). Suppose -38 + k = -2*g. What are the prime factors of g?
2
Suppose 12 = q + 3. Let h = q - -25. What are the prime factors of h?
2, 17
Let x be -1 - 4/8*-6. Suppose z - 12 = -x*l, -7 + 23 = 5*z - l. Suppose z*k - 4*g = -9*g + 84, 3*k - 68 = -5*g. What are the prime factors of k?
2
Let w(g) = -11*g - 90. What are the prime factors of w(-76)?
2, 373
Suppose -4*l + 0*i + 4*i = -44, 5*l = -3*i + 47. Let h(b) = -3*b + 59. Let a be h(20). Let g = l + a. What are the prime factors of g?
3
Let q(d) = 548*d**2 - 5*d + 7. Let f be q(2). Suppose 4*y + 7*y = f. What are the prime factors of y?
199
Let k be (-2)/(-8) - (-2326)/8. Suppose 3*g - 4*g = 5*q + k, -20 = -5*g. Let p = q - -90. List the prime factors of p.
31
Let u = 164 + -26. Let r be 1 + 0 - (0 - 2). Suppose r*l - u = l. List the prime factors of l.
3, 23
Let q(o) = o**3 + 3*o**2 - o - 4. Let p be q(-2). What are the prime factors of (-2 - -57)*p/2?
5, 11
Let u be -2*203/(-126) - 4/18. What are the prime factors of ((-2244)/(-17))/(2/u)?
2, 3, 11
Suppose 5 = 3*i - 2*t, -4*t = -2*i + t + 7. Let r be (-3 - -5) + -3 + i. Suppose 0 = f - 44 - r. List the prime factors of f.
2, 11
Let d(o) be the first derivative of 2*o**3/3 + o**2/2 + 13*o - 12. List the prime factors of d(4).
7
Suppose -1 - 3 = -2*x. Suppose 8*f = 315 - 51. Suppose x*k + 5*y = 8, 5*k - 49 - f = 3*y. What are the prime factors of k?
2, 7
Suppose -3272 = -w + 5*i - 834, -4*i - 4858 = -2*w. List the prime factors of w.
2423
Let w = -3039 - -5120. List the prime factors of w.
2081
Suppose 1911 = -3*s + 16*s. List the prime factors of s.
3, 7
Suppose 4385 + 1071 = 4*r - 3*z, -z - 4087 = -3*r. What are the prime factors of r?
1361
Let z(i) = -2*i**3 + 7*i**2 - 10*i - 20. What are the prime factors of z(-8)?
2, 383
Suppose 0 = -19*z + 21*z - 4, 4*h + 2*z - 6684 = 0. What are the prime factors of h?
2, 5, 167
Let r = -690 + 2556. What are the prime factors of r?
2, 3, 311
Let g(a) = -1255*a**3 + 5*a**2 + 4*a. What are the prime factors of g(-1)?
2, 157
Let f(y) = 24*y**3 + y**2 + y - 9. List the prime factors of f(3).
3, 7, 31
Suppose 0 = -3*f - 5*f + 1424. Suppose 5*t - 4*m = f, -8 + 68 = 2*t + 4*m. What are the prime factors of t?
2, 17
Let k = 2 + 0. Let l be k*1/(-4)*-10. Suppose -2*c - c - l*m + 61 = 0, 0 = 4*c + 2*m - 72. What are the prime factors of c?
17
Suppose 117*c - 24893 = -5354. What are the prime factors of c?
167
Let w(j) = -51*j + 11. Let i(n) = -35*n + 7. Let q(b) = 8*i(b) - 5*w(b). Suppose -2*g + 7*c - 22 = 2*c, c - 3 = -g. What are the prime factors of q(g)?
2, 13
Let s(q) = -4*q + 13. Let b be s(14). Let y = 48 + b. What are the prime factors of y?
5
Let a be 3 - 2/10*5. Suppose -5*l = -2*k + 85, 0 = a*k - 4*l + 14 - 102. List the prime factors of k.
2, 5
Suppose 0*j - 12 = -j. Let t be ((-8)/(-24))/(2/j). Let m(g) = -g**3 + 6*g**2 - 3*g. What are the prime factors of m(t)?
2, 5
Let n(q) = -5*q + 7. Let x be n(1). Let d(f) = f - 4. Let o be d(5). List the prime factors of x/o + (9 - 5).
2, 3
Suppose 53*a = 23*a + 34200. What are the prime factors of a?
2, 3, 5, 19
Suppose 244*g = 249*g - 5005. What are the prime factors of g?
7, 11, 13
Let f be (-159)/(-21) - 12/(-28). Suppose 3*r - 35 = f*r. Let p = 19 + r. What are the prime factors of p?
2, 3
Let m be (-4300)/(-65) + (-8)/52. Suppose b = 2*a + m, b - 4*a = -36 + 104. List the prime factors of b.
2
Let p = 17 + 47. Let g(s) = s**3 - 22*s**2 + 26*s - 76. Let m be g(21). Let b = p - m. List the prime factors of b.
5, 7
Suppose -6*w + 1093 + 773 = 0. List the prime factors of w.
311
Let y(t) = -3*t**3 + 2*t**3 + 0*t**3 - 14*t + 28 + t**2 + 10*t**2. What are the prime factors of y(8)?
2, 3
Let r(a) = a**3 - 3*a**2 + 10*a + 18. What are the prime factors of r(9)?
2, 3, 11
Suppose 3*v - 7 = 2. Let j(t) = t**2 - 3*t - 1. Let o be j(v). What are the prime factors of 11 - (o + 1 + 2)?
3
Let b(w) = 832*w**3 - 3*w**2 - w + 3. Let k be b(1). Suppose -2*l = 3*l - 3*t - k, -516 = -3*l - 4*t. What are the prime factors of l?
2, 3, 7
Let y = 15 - -50. Let p = -3 + y. What are the prime factors of p?
2, 31
Let s be 1626/8 + (-2)/(11 + -3). Let j = s - 98. List the prime factors of j.
3, 5, 7
Let x(h) = h**3 - 3*h**2 - 21*h + 13. What are the prime factors of x(10)?
503
Suppose -2*b = b - 12. List the prime factors of (-494)/(-14) - b/14.
5, 7
Suppose -4*q + 23 = -z, 0 = 5*q + z + 4*z - 60. Suppose q*p - 622 = -132. Suppose p = 5*v + 2*k, 0*k - 20 = -4*k. List the prime factors of v.
2, 3
Suppose 0 = -2*f - 2*x + 8, -3*f + x - 16 = -3*x. Suppose 5*u + 22 = c, f*u - 4*u = -5*c + 26. Suppose c*h + 2*h - 44 = 0. What are the prime factors of h?
11
Suppose -73*i + 10980 = -61*i. What are the prime factors of i?
3, 5, 61
Let m(t) = -t**3 + 8*t**2 + 13*t - 5. Let p = 61 - 52. What are the prime factors of m(p)?
31
Let h = 331 - 18. What are the prime factors of h?
313
Let i be 2/(-7) + 112/49. List the prime factors of (-127)/(-6) - i/12.
3, 7
Suppose -10*z = -7*z - 246. Let a = -59 + z. What are the prime factors of a?
23
Suppose -6*v = -11*v + 15. Suppose v = 3*m - 4*m. Let x(g) = -7*g + 1. List the prime factors of x(m).
2, 11
Let p = 38 - 43. Let d be (-2)/p - 9/(-15). List the prime factors of 57 - (d + 0 - -1).
5, 11
Suppose -81120 = -49*t + t. What are the prime factors of t?
2, 5, 13
Suppose 3066 = 103*q - 97*q. What are the prime factors of q?
7, 73
Suppose 0 = 4*u + 341 + 551. Let z = u - -342. List the prime factors of z.
7, 17
Suppose 0 = 4*r + 2*j - 4168, -r + 3*j + 1060 = -j. What are the prime factors of r?
2, 3, 29
Let y(b) = b**3 + 17*b**2 + 17*b + 19. Let f be y(-16). Suppose 0 = -f*n + 4*d + d - 11, -3*n = 2*d - 17. What are the prime factors of n?
3
Let u(q) = -q**2 + 7*q - 9. Let y be u(6). Let o be (-2)/(y - -1)*0. Suppose -5*v + 5 = o, 3*n - 65 = -v + 2*v. What are the prime factors of n?
2, 11
Let d(o) = -3*o**3 - o**2 - o + 4. Let x be d(-3). Let y = x - 23. List the prime factors of y.
2, 7
Let y be (-3)/(-6)*-2 - (-10)/1. Suppose -2*u + 4*j = -196, 4*u = y*u - 3*j - 497. What are the prime factors of u?
2, 5
Let f(r) = 13*r**2 - 3*r - 1. What are the prime factors of f(6)?
449
Suppose 3*r + f - 3675 = 0, -4*r - 4*f + 1664 = -3228. List the prime factors of r.
2, 613
Suppose 162 = -p + x, x = -0*x. Let z = p + 86. Let s = 133 + z. What are the prime factors of s?
3, 19
Suppose -28*s + 6688 = -6*s. List the prime factors of s.
2, 19
Suppose 2*l + 5*x - 15 = 3*l, -3*x = -5*l - 53. List the prime factors of (-770)/(-16